s the greatest common divisor of d and 2?
1
Suppose -10 = 2*m - 20. Suppose -w + 2*i - 5*i = -234, -m*w - i + 1114 = 0. What is the greatest common divisor of w and 37?
37
Suppose 9 = x + 3*v, 2*x - 4*v + 0 = -12. Let g be 109 + x + (3 - 0). Suppose 139 = 11*z - 37. Calculate the greatest common divisor of z and g.
16
Let j be (-4)/8 + 21/2. Let n(i) = -23*i - 120. Let w be n(-10). What is the greatest common divisor of w and j?
10
Let b be -10 - 6/(-1 + -2). Let d = 11 + b. Suppose -m - d*m = -28. Calculate the highest common factor of 28 and m.
7
Let p(a) = -24*a + 42. Let w be p(1). Let g = 1 - -4. Suppose 0 = -g*d - 417 + 1407. Calculate the greatest common factor of d and w.
18
Let p be (4/(-1))/(-16 + 14). Suppose -q - p = -0*q. Let f = q - -6. What is the greatest common factor of 6 and f?
2
Let d = 225 - 169. What is the highest common divisor of d and 112?
56
Let r be 10/3 - 14/(-21). Suppose -25 = -r*t + 7. Suppose -3*j - 4*o + 48 = 0, 0 = -2*j + 2*o + 38 + 8. Calculate the highest common factor of j and t.
4
Let z = 32 - 23. Let i = z - 8. What is the greatest common divisor of i and 4?
1
Suppose -4*g = 16, j + g - 2 = -j. Suppose -w - w + j*d = -39, -5*d - 57 = -3*w. Let s be (-1 - -2 - -8)*4. Calculate the greatest common factor of s and w.
12
Let p be 2/3 + (-40)/(-12). Let a be (41 - 31) + -3*3 + 2. Calculate the highest common divisor of a and p.
1
Let s = 14 + 15. Let z be s - ((-44)/10 + 2/5). Suppose 5*l = 3 + 52. What is the greatest common factor of z and l?
11
Let p = 25 - 11. Suppose -x + p = -4. What is the greatest common factor of 144 and x?
18
Let m = 23 + -18. Suppose m*d - 3368 = -2*j, -5*j + 676 = d - 4*j. Suppose -c + 230 = -5*a, -3*c + d = 2*a + a. What is the highest common factor of c and 25?
25
Suppose 4*k - 57 = -281. Let c = 7 - k. Let p(q) = -q**3 - 23*q**2 - 78*q + 1. Let w be p(-4). What is the highest common divisor of w and c?
9
Suppose -4*l = 208 - 68. Let f be (6/(-15))/(1/l). What is the highest common divisor of f and 21?
7
Let l be (-1 - 8)/(-3) - (2 + -19). Let b be (-2)/(-10) - ((-816)/l)/6. What is the highest common divisor of b and 14?
7
Let a(v) = -8*v**2 - 98*v + 16. Let j be a(-12). What is the greatest common divisor of j and 26?
2
Suppose -32*g = -27*g - 20. Suppose -g*s + 103 = -o, o = 4*s + 5*o - 128. What is the highest common divisor of s and 216?
27
Let i be (-1 + 1 - (-8625)/(-45))*6. Let s = -787 - i. What is the highest common factor of 33 and s?
33
Let i = -15 + 6. Let s = i + -3. Let o be (2/(-8))/(1/s). What is the greatest common factor of 21 and o?
3
Suppose 4*p + 177 = 6*p + 5*d, 4*p - 294 = 2*d. Calculate the greatest common divisor of 95 and p.
19
Suppose 3*m = 3*g + 147, -36*g + 41*g + 155 = 3*m. Calculate the greatest common divisor of m and 1005.
15
Let m(h) be the first derivative of h**3 + 3*h**2 + 11*h - 2. Let d be m(-5). Calculate the highest common factor of 7 and d.
7
Let f(m) = -2*m**3 + 6*m**2 - 4*m + 6. Let t be f(4). Let d = t + 54. What is the highest common factor of 30 and d?
6
Let z = -323 - -206. Let x be ((-18)/z - 15/13) + 37. What is the greatest common factor of 9 and x?
9
Let f = -480 + 696. Calculate the greatest common divisor of f and 24.
24
Let r(y) = -9*y**3 - 2*y**2 + y + 1. Let n be r(-2). Let x be n/(15/(-80)*-4). Calculate the highest common factor of x and 12.
12
Suppose r - 564 = -2*r. Suppose j - 56 = -c - 0*j, 5*j + r = 4*c. Calculate the highest common factor of 26 and c.
26
Let c(m) = m + 1. Let k be c(-4). Let h = 7 + k. Suppose 6 = h*y - 6. What is the highest common factor of y and 27?
3
Suppose -5*x + 2*r + 3*r + 5165 = 0, 3*x + 2*r - 3109 = 0. Suppose 3*i - 423 = 5*j + 198, 5*i - x = 2*j. Calculate the highest common divisor of 23 and i.
23
Suppose 8*x = -7*x + 720. Calculate the highest common divisor of 216 and x.
24
Let c = 3 - 0. Suppose c*g - 3 - 21 = 0. Let a(v) = v**3 + 9*v**2 + 2*v + 4. Let s be a(-7). What is the highest common factor of s and g?
8
Let k(p) = 24*p**2 + 8*p - 8. Let x be k(1). Calculate the highest common factor of 408 and x.
24
Suppose -5*j - 2652 = -9*j. What is the greatest common divisor of j and 39?
39
Let i be (-25)/(205/35 + -6). What is the highest common factor of i and 14?
7
Suppose 4*k + 4*m - 418 + 154 = 0, k - 5*m = 48. Suppose 3*c = 126 + k. Calculate the greatest common divisor of c and 9.
9
Let h(m) = m**2 - 8*m + 5. Let i be h(9). Let x = i - 9. Suppose p = -0*p + x, 4*p = -y + 30. Calculate the greatest common divisor of 40 and y.
10
Let v(j) = 62*j**2 - 3*j + 3. Let g be v(1). Calculate the greatest common factor of 248 and g.
62
Let p = 12563 + -7187. Let n be 4/14 - p/(-49). What is the greatest common divisor of 10 and n?
10
Suppose 55 = -2*q + 9. Let a = q + 43. What is the greatest common divisor of 180 and a?
20
Suppose 6*c - 88 = -2*c. Let q = -74 - -195. What is the greatest common factor of q and c?
11
Let j(a) = 2*a**3 + 5*a**2 + 4*a + 1. Let r be j(-3). Let o = r - -30. What is the highest common divisor of o and 4?
2
Suppose 12*h - 3*f = 11*h + 61, -f = h - 49. What is the highest common divisor of 8 and h?
4
Let s(b) = b**3 - 6*b**2 + 4*b + 9. Let p be s(5). Suppose q + 244 = 5*t, 4*t + p*q = -q + 201. Calculate the greatest common factor of 7 and t.
7
Let n be 3/(-21) + -2 + 1348/28. What is the highest common divisor of n and 667?
23
Suppose 0 = -2*u + 3*w + 14, -5*u + w + 9 = -26. Let j be 1/((-1)/4*(-2)/u). Suppose 3*t + 42 = 5*t. What is the highest common factor of t and j?
7
Suppose 3914 = 66*b - 4006. What is the greatest common factor of 72 and b?
24
Suppose 4*p = 12 + 16. Let y be ((-570)/40)/19*(-2 + -26). Calculate the greatest common factor of p and y.
7
Suppose -35*p - 168 = -623. Calculate the highest common divisor of 2132 and p.
13
Suppose -14*f = 19*f + 2*f - 16520. Let o = -40 - -99. What is the highest common factor of o and f?
59
Let n be 2*(12 + 1) - 1/1. Let z be ((0/2)/1)/2. Suppose -3*a - 2*s + 677 = z, -5*a - s + 226 = -4*a. What is the highest common divisor of n and a?
25
Let h(q) = -q**3 - 3*q**2 - 3*q + 1. Let y be 4 + -1 - 3 - 2. Let v be h(y). Let n be (-7 - -1) + v - -21. What is the highest common factor of n and 126?
18
Let v(p) = -13*p - 11. Let r be v(-3). Let y be 0/1 - 12/3. Let w be 6/(-2) + 11 + y. What is the greatest common divisor of r and w?
4
Let k = 11 + 5. Let w be (29/(-24) + 9/(-72))*-36. What is the highest common factor of w and k?
16
Suppose 45*f = 35*f + 420. What is the greatest common factor of f and 210?
42
Suppose -2083*c = -2079*c - 204. Suppose -151 = -4*t + 3*d, -5*t + 3*t + 2*d = -78. What is the greatest common factor of t and c?
17
Let o = 74 - 46. What is the greatest common factor of 112 and o?
28
Let v = 36 - 34. Suppose v*g + 0*g = -3*s + 60, -4*s + 3*g = -80. What is the greatest common factor of s and 40?
20
Let w = 2018 - 1988. Let r be 2/8 + 2158/8. What is the highest common divisor of w and r?
30
Let a be -4 - (1716/4)/(-3) - 1. Calculate the highest common divisor of a and 46.
46
Let b be (-4 + -2)*-12 + -2. Suppose -3*w + 4*k = 85 - 252, -k = -4*w + 227. Suppose w = 4*j + 17. Calculate the greatest common factor of j and b.
10
Let o(g) = 25*g - 2. Let h be o(7). Suppose 5*y + 228 = -5*l - 217, -2*y - 3*l = h. Let m = -63 - y. What is the greatest common divisor of 31 and m?
31
Let b be (-14)/6*2*-6. Let k = b + -16. Suppose -39 = -g + 9. Calculate the highest common factor of g and k.
12
Let w(s) = -52*s + 10. Suppose 7 = 5*d - 2*b + 19, 3*b - 9 = 3*d. Let t = d - 5. Let j be w(t). Calculate the greatest common divisor of j and 34.
34
Suppose -162 = 4*n + 3*a, 5*a = -5*n - 190 - 15. Let t = 144 + n. Suppose 3*i - 279 = 3*o, i - 5*o - t = -8*o. What is the greatest common factor of i and 12?
12
Let t = 20 + -9. Suppose -t*o = -6*o - 15. Calculate the greatest common factor of 12 and o.
3
Suppose 0 = 11*x + 167 + 31. Let k = x - -54. Let o(j) = -109*j - 1. Let a be o(-1). Calculate the greatest common divisor of k and a.
36
Let i = -62 - -64. Let w be (-6 - -4)*i*2/(-1). Let h = 14 + -2. Calculate the greatest common factor of h and w.
4
Let f = -228 - -373. What is the highest common factor of f and 116?
29
Let r be (-4 - -4 - -2)*10. Suppose -5*p = -3*f - 47, 2*p - 2*f - 11 = 7. Suppose -34 = 